{"id":6,"date":"2013-11-07T12:13:16","date_gmt":"2013-11-07T15:13:16","guid":{"rendered":"http:\/\/asjasc.com.br\/portal\/?page_id=6"},"modified":"2021-12-20T09:21:31","modified_gmt":"2021-12-20T12:21:31","slug":"contato","status":"publish","type":"page","link":"http:\/\/asjasc.com.br\/portal\/contato\/","title":{"rendered":"Contato"},"content":{"rendered":"\n<div class=\"wp-block-image\"><figure class=\"aligncenter size-large\"><img loading=\"lazy\" width=\"200\" height=\"177\" src=\"http:\/\/asjasc.com.br\/portal\/wp-content\/uploads\/2020\/02\/logo_asjasc_1_200.jpg\" alt=\"\" class=\"wp-image-88\"\/><\/figure><\/div>\n\n\n\n<p>ASJASC<br>Empresarial Terrafirme<br>Domingos Andr\u00e9 Zanini, 277 &#8211; sala 1110<br>Campinas<br>88.117-200 &#8211; S\u00e3o Jos\u00e9 &#8211; SC<\/p>\n\n\n\n<p>Telefone:<br>48 3029-3003<\/p>\n\n\n\n<p><em>contato@asjasc.com.br&nbsp;<\/em><\/p>\n","protected":false},"excerpt":{"rendered":"<p>ASJASCEmpresarial TerrafirmeDomingos Andr\u00e9 Zanini, 277 &#8211; sala 1110Campinas88.117-200 &#8211; S\u00e3o Jos\u00e9 &#8211; SC Telefone:48 3029-3003 contato@asjasc.com.br&nbsp;<\/p>\n","protected":false},"author":1,"featured_media":0,"parent":0,"menu_order":0,"comment_status":"closed","ping_status":"closed","template":"","meta":[],"_links":{"self":[{"href":"http:\/\/asjasc.com.br\/portal\/wp-json\/wp\/v2\/pages\/6"}],"collection":[{"href":"http:\/\/asjasc.com.br\/portal\/wp-json\/wp\/v2\/pages"}],"about":[{"href":"http:\/\/asjasc.com.br\/portal\/wp-json\/wp\/v2\/types\/page"}],"author":[{"embeddable":true,"href":"http:\/\/asjasc.com.br\/portal\/wp-json\/wp\/v2\/users\/1"}],"replies":[{"embeddable":true,"href":"http:\/\/asjasc.com.br\/portal\/wp-json\/wp\/v2\/comments?post=6"}],"version-history":[{"count":6,"href":"http:\/\/asjasc.com.br\/portal\/wp-json\/wp\/v2\/pages\/6\/revisions"}],"predecessor-version":[{"id":103,"href":"http:\/\/asjasc.com.br\/portal\/wp-json\/wp\/v2\/pages\/6\/revisions\/103"}],"wp:attachment":[{"href":"http:\/\/asjasc.com.br\/portal\/wp-json\/wp\/v2\/media?parent=6"}],"curies":[{"name":"wp","href":"https:\/\/api.w.org\/{rel}","templated":true}]}}